Last updated on 2024-06-05 00:48:45 CEST.
Flavor | Version | Tinstall | Tcheck | Ttotal | Status | Flags |
---|---|---|---|---|---|---|
r-devel-linux-x86_64-debian-clang | 1.1.1 | 234.40 | 152.60 | 387.00 | OK | |
r-devel-linux-x86_64-debian-gcc | 1.1.1 | 178.34 | 124.21 | 302.55 | OK | |
r-devel-linux-x86_64-fedora-clang | 1.1.1 | 506.38 | OK | |||
r-devel-linux-x86_64-fedora-gcc | 1.1.1 | 601.15 | OK | |||
r-devel-windows-x86_64 | 1.1.1 | 147.00 | 168.00 | 315.00 | OK | |
r-patched-linux-x86_64 | 1.1.1 | 195.21 | 162.06 | 357.27 | OK | |
r-release-linux-x86_64 | 1.1.1 | 216.80 | 161.40 | 378.20 | OK | |
r-release-macos-arm64 | 1.1.1 | 158.00 | NOTE | |||
r-release-macos-x86_64 | 1.1.1 | 390.00 | NOTE | |||
r-release-windows-x86_64 | 1.1.1 | 142.00 | 160.00 | 302.00 | OK | |
r-oldrel-macos-arm64 | 1.1.1 | 172.00 | NOTE | |||
r-oldrel-macos-x86_64 | 1.1.1 | 357.00 | NOTE | |||
r-oldrel-windows-x86_64 | 1.1.1 | 189.00 | 190.00 | 379.00 | OK |
Version: 1.1.1
Check: installed package size
Result: NOTE
installed size is 52.7Mb
sub-directories of 1Mb or more:
libs 51.9Mb
Flavors: r-release-macos-arm64, r-release-macos-x86_64, r-oldrel-macos-arm64, r-oldrel-macos-x86_64