Last updated on 2024-05-18 22:27:33 CEST.
Flavor | Version | Tinstall | Tcheck | Ttotal | Status | Flags |
---|---|---|---|---|---|---|
r-devel-linux-x86_64-debian-clang | 5.2.2 | 116.54 | 136.18 | 252.72 | OK | |
r-devel-linux-x86_64-debian-gcc | 5.2.2 | 97.56 | 101.49 | 199.05 | OK | |
r-devel-linux-x86_64-fedora-clang | 5.2.2 | 330.91 | OK | |||
r-devel-linux-x86_64-fedora-gcc | 5.2.2 | 349.31 | OK | |||
r-devel-windows-x86_64 | 5.2.2 | 92.00 | 143.00 | 235.00 | OK | |
r-patched-linux-x86_64 | 5.2.2 | 119.69 | 134.24 | 253.93 | OK | |
r-release-linux-x86_64 | 5.2.2 | 112.61 | 132.51 | 245.12 | OK | |
r-release-macos-arm64 | 5.2.2 | 79.00 | NOTE | |||
r-release-windows-x86_64 | 5.2.2 | 99.00 | 153.00 | 252.00 | OK | |
r-oldrel-macos-arm64 | 5.2.2 | 80.00 | NOTE | |||
r-oldrel-macos-x86_64 | 5.2.2 | 203.00 | NOTE | |||
r-oldrel-windows-x86_64 | 5.2.2 | 113.00 | 166.00 | 279.00 | OK |
Version: 5.2.2
Check: installed package size
Result: NOTE
installed size is 7.8Mb
sub-directories of 1Mb or more:
libs 7.3Mb
Flavors: r-release-macos-arm64, r-oldrel-macos-arm64, r-oldrel-macos-x86_64