Last updated on 2024-05-18 22:27:34 CEST.
Flavor | Version | Tinstall | Tcheck | Ttotal | Status | Flags |
---|---|---|---|---|---|---|
r-devel-linux-x86_64-debian-clang | 2.1.2 | 32.43 | 70.19 | 102.62 | OK | |
r-devel-linux-x86_64-debian-gcc | 2.1.2 | 22.27 | 51.89 | 74.16 | OK | |
r-devel-linux-x86_64-fedora-clang | 2.1.2 | 131.03 | NOTE | |||
r-devel-linux-x86_64-fedora-gcc | 2.1.2 | 150.24 | NOTE | |||
r-devel-windows-x86_64 | 2.1.2 | 24.00 | 113.00 | 137.00 | OK | |
r-patched-linux-x86_64 | 2.1.2 | 30.69 | 67.76 | 98.45 | OK | |
r-release-linux-x86_64 | 2.1.2 | 34.55 | 69.24 | 103.79 | OK | |
r-release-macos-arm64 | 2.1.2 | 43.00 | OK | |||
r-release-windows-x86_64 | 2.1.2 | 24.00 | 117.00 | 141.00 | OK | |
r-oldrel-macos-arm64 | 2.1.2 | 50.00 | OK | |||
r-oldrel-macos-x86_64 | 2.1.2 | 71.00 | OK | |||
r-oldrel-windows-x86_64 | 2.1.2 | 26.00 | 130.00 | 156.00 | OK |
Version: 2.1.2
Check: dependencies in R code
Result: NOTE
Namespace in Imports field not imported from: ‘Matrix’
All declared Imports should be used.
Flavors: r-devel-linux-x86_64-fedora-clang, r-devel-linux-x86_64-fedora-gcc