Last updated on 2024-06-09 22:48:28 CEST.
Flavor | Version | Tinstall | Tcheck | Ttotal | Status | Flags |
---|---|---|---|---|---|---|
r-devel-linux-x86_64-debian-clang | 0.1.2 | 4.03 | 47.39 | 51.42 | OK | |
r-devel-linux-x86_64-debian-gcc | 0.1.2 | OK | ||||
r-devel-linux-x86_64-fedora-clang | 0.1.2 | 68.39 | OK | |||
r-devel-linux-x86_64-fedora-gcc | 0.1.2 | 77.05 | OK | |||
r-devel-windows-x86_64 | 0.1.2 | 5.00 | 59.00 | 64.00 | OK | |
r-patched-linux-x86_64 | 0.1.2 | 5.14 | 45.46 | 50.60 | OK | |
r-release-linux-x86_64 | 0.1.2 | 4.82 | 46.45 | 51.27 | OK | |
r-release-macos-arm64 | 0.1.2 | 29.00 | OK | |||
r-release-macos-x86_64 | 0.1.2 | 47.00 | OK | |||
r-release-windows-x86_64 | 0.1.2 | 6.00 | 74.00 | 80.00 | FAIL | |
r-oldrel-macos-arm64 | 0.1.2 | 33.00 | OK | |||
r-oldrel-macos-x86_64 | 0.1.2 | 40.00 | OK | |||
r-oldrel-windows-x86_64 | 0.1.2 | 7.00 | 66.00 | 73.00 | OK |
Version: 0.1.2
Check: replacement functions
Result: WARN
Fatal error: couldn't allocate node stack
The argument of a replacement function which corresponds to the right
hand side must be named 'value'.
Flavor: r-release-windows-x86_64
Version: 0.1.2
Check: R code for possible problems
Result: NOTE
Fatal error: couldn't allocate node stack
Found the following possibly unsafe calls:
Fatal error: couldn't allocate node stack
Flavor: r-release-windows-x86_64
Version: 0.1.2
Check: HTML version of manual
Result: FAIL
Flavor: r-release-windows-x86_64