Last updated on 2024-05-18 22:27:35 CEST.
Flavor | Version | Tinstall | Tcheck | Ttotal | Status | Flags |
---|---|---|---|---|---|---|
r-devel-linux-x86_64-debian-clang | 1.3.4 | 14.63 | 202.03 | 216.66 | OK | |
r-devel-linux-x86_64-debian-gcc | 1.3.4 | 12.00 | 147.31 | 159.31 | OK | |
r-devel-linux-x86_64-fedora-clang | 1.3.4 | 280.38 | NOTE | |||
r-devel-linux-x86_64-fedora-gcc | 1.3.4 | 275.56 | OK | |||
r-devel-windows-x86_64 | 1.3.4 | 14.00 | 187.00 | 201.00 | NOTE | |
r-patched-linux-x86_64 | 1.3.4 | 13.29 | 187.64 | 200.93 | OK | |
r-release-linux-x86_64 | 1.3.4 | 13.64 | 186.79 | 200.43 | OK | |
r-release-macos-arm64 | 1.3.4 | 75.00 | NOTE | |||
r-release-windows-x86_64 | 1.3.4 | 14.00 | 186.00 | 200.00 | NOTE | |
r-oldrel-macos-arm64 | 1.3.4 | 95.00 | NOTE | |||
r-oldrel-macos-x86_64 | 1.3.4 | 196.00 | NOTE | |||
r-oldrel-windows-x86_64 | 1.3.4 | 18.00 | 243.00 | 261.00 | NOTE |
Version: 1.3.4
Check: installed package size
Result: NOTE
installed size is 6.9Mb
sub-directories of 1Mb or more:
data 2.3Mb
doc 3.9Mb
Flavors: r-devel-linux-x86_64-fedora-clang, r-devel-windows-x86_64, r-release-macos-arm64, r-release-windows-x86_64, r-oldrel-macos-arm64, r-oldrel-macos-x86_64, r-oldrel-windows-x86_64