Last updated on 2024-06-09 22:48:29 CEST.
Flavor | Version | Tinstall | Tcheck | Ttotal | Status | Flags |
---|---|---|---|---|---|---|
r-devel-linux-x86_64-debian-clang | 10.3 | 5.29 | 46.89 | 52.18 | OK | |
r-devel-linux-x86_64-debian-gcc | 10.3 | OK | ||||
r-devel-linux-x86_64-fedora-clang | 10.3 | 66.48 | OK | |||
r-devel-linux-x86_64-fedora-gcc | 10.3 | 75.73 | OK | |||
r-devel-windows-x86_64 | 10.3 | 5.00 | 58.00 | 63.00 | OK | |
r-patched-linux-x86_64 | 10.3 | 6.08 | 45.98 | 52.06 | OK | |
r-release-linux-x86_64 | 10.3 | 6.57 | 46.61 | 53.18 | OK | |
r-release-macos-arm64 | 10.3 | 29.00 | OK | |||
r-release-macos-x86_64 | 10.3 | 55.00 | OK | |||
r-release-windows-x86_64 | 10.3 | 6.00 | 60.00 | 66.00 | ERROR | |
r-oldrel-macos-arm64 | 10.3 | 37.00 | OK | |||
r-oldrel-macos-x86_64 | 10.3 | 96.00 | OK | |||
r-oldrel-windows-x86_64 | 10.3 | 7.00 | 63.00 | 70.00 | OK |
Version: 10.3
Check: whether the namespace can be loaded with stated dependencies
Result: WARN
Error: cannot allocate vector of size 2.2 Mb
Execution halted
A namespace must be able to be loaded with just the base namespace
loaded: otherwise if the namespace gets loaded by a saved object, the
session will be unable to start.
Probably some imports need to be declared in the NAMESPACE file.
Flavor: r-release-windows-x86_64
Version: 10.3
Check: dependencies in R code
Result: NOTE
Fatal error: couldn't allocate node stack
Flavor: r-release-windows-x86_64
Version: 10.3
Check: re-building of vignette outputs
Result: ERROR
Error(s) in re-building vignettes:
--- re-building 'GD.Rmd' using rmarkdown
pandoc.exe: osCommitMemory: VirtualAlloc MEM_COMMIT failed to commit 1048576 bytes of memory (error code: 1455): Die Auslagerungsdatei ist zu klein, um diesen Vorgang durchzuf<fc>hren.
Error: processing vignette 'GD.Rmd' failed with diagnostics:
pandoc document conversion failed with error 251
--- failed re-building 'GD.Rmd'
SUMMARY: processing the following file failed:
'GD.Rmd'
Error: Vignette re-building failed.
Execution halted
Flavor: r-release-windows-x86_64