Last updated on 2024-05-12 23:52:17 CEST.
Flavor | Version | Tinstall | Tcheck | Ttotal | Status | Flags |
---|---|---|---|---|---|---|
r-devel-linux-x86_64-debian-clang | 1.0 | 42.38 | 80.30 | 122.68 | NOTE | |
r-devel-linux-x86_64-debian-gcc | 1.0 | 34.35 | 59.50 | 93.85 | NOTE | |
r-devel-linux-x86_64-fedora-clang | 1.0 | 157.61 | NOTE | |||
r-devel-linux-x86_64-fedora-gcc | 1.0 | 221.13 | NOTE | |||
r-devel-windows-x86_64 | 1.0 | 33.00 | 105.00 | 138.00 | NOTE | |
r-patched-linux-x86_64 | 1.0 | 31.33 | 75.57 | 106.90 | NOTE | |
r-release-linux-x86_64 | 1.0 | 31.16 | 73.97 | 105.13 | NOTE | |
r-release-macos-arm64 | 1.0 | 41.00 | NOTE | |||
r-release-macos-x86_64 | 1.0 | 68.00 | NOTE | |||
r-release-windows-x86_64 | 1.0 | 32.00 | 107.00 | 139.00 | NOTE | |
r-oldrel-macos-arm64 | 1.0 | 42.00 | NOTE | |||
r-oldrel-macos-x86_64 | 1.0 | 63.00 | NOTE | |||
r-oldrel-windows-x86_64 | 1.0 | 44.00 | 120.00 | 164.00 | NOTE |
Version: 1.0
Check: C++ specification
Result: NOTE
Specified C++11: please drop specification unless essential
Flavors: r-devel-linux-x86_64-debian-clang, r-devel-linux-x86_64-debian-gcc, r-devel-linux-x86_64-fedora-clang, r-devel-linux-x86_64-fedora-gcc, r-devel-windows-x86_64, r-patched-linux-x86_64, r-release-linux-x86_64, r-release-macos-arm64, r-release-macos-x86_64, r-release-windows-x86_64, r-oldrel-macos-arm64, r-oldrel-macos-x86_64, r-oldrel-windows-x86_64
Version: 1.0
Check: installed package size
Result: NOTE
installed size is 5.9Mb
sub-directories of 1Mb or more:
extdata 5.5Mb
Flavors: r-devel-linux-x86_64-fedora-clang, r-devel-windows-x86_64, r-release-macos-arm64, r-release-macos-x86_64, r-release-windows-x86_64, r-oldrel-macos-arm64, r-oldrel-macos-x86_64, r-oldrel-windows-x86_64