Last updated on 2024-05-18 22:27:40 CEST.
Flavor | Version | Tinstall | Tcheck | Ttotal | Status | Flags |
---|---|---|---|---|---|---|
r-devel-linux-x86_64-debian-clang | 1.1 | 6.16 | 53.26 | 59.42 | NOTE | |
r-devel-linux-x86_64-debian-gcc | 1.1 | 4.99 | 39.94 | 44.93 | NOTE | |
r-devel-linux-x86_64-fedora-clang | 1.1 | 74.65 | NOTE | |||
r-devel-linux-x86_64-fedora-gcc | 1.1 | 113.77 | NOTE | |||
r-devel-windows-x86_64 | 1.1 | 6.00 | 75.00 | 81.00 | OK | |
r-patched-linux-x86_64 | 1.1 | 5.49 | 48.94 | 54.43 | NOTE | |
r-release-linux-x86_64 | 1.1 | 6.24 | 50.38 | 56.62 | NOTE | |
r-release-macos-arm64 | 1.1 | 32.00 | OK | |||
r-release-windows-x86_64 | 1.1 | 8.00 | 75.00 | 83.00 | OK | |
r-oldrel-macos-arm64 | 1.1 | 35.00 | OK | |||
r-oldrel-macos-x86_64 | 1.1 | 50.00 | NOTE | |||
r-oldrel-windows-x86_64 | 1.1 | 8.00 | 77.00 | 85.00 | OK |
Version: 1.1
Check: for non-standard things in the check directory
Result: NOTE
Found the following files/directories:
‘tTestTable.rda’
Flavors: r-devel-linux-x86_64-debian-clang, r-devel-linux-x86_64-debian-gcc, r-devel-linux-x86_64-fedora-clang, r-devel-linux-x86_64-fedora-gcc, r-patched-linux-x86_64, r-release-linux-x86_64
Version: 1.1
Check: package dependencies
Result: NOTE
Package suggested but not available for checking: ‘graph’
Flavor: r-oldrel-macos-x86_64