Last updated on 2024-06-05 00:48:55 CEST.
Flavor | Version | Tinstall | Tcheck | Ttotal | Status | Flags |
---|---|---|---|---|---|---|
r-devel-linux-x86_64-debian-clang | 2.1.7 | 45.58 | 234.22 | 279.80 | NOTE | |
r-devel-linux-x86_64-debian-gcc | 2.1.7 | 33.65 | 172.94 | 206.59 | NOTE | |
r-devel-linux-x86_64-fedora-clang | 2.1.7 | 371.00 | NOTE | |||
r-devel-linux-x86_64-fedora-gcc | 2.1.7 | 359.24 | NOTE | |||
r-devel-windows-x86_64 | 2.1.7 | 39.00 | 187.00 | 226.00 | NOTE | |
r-patched-linux-x86_64 | 2.1.7 | 45.23 | 222.24 | 267.47 | NOTE | |
r-release-linux-x86_64 | 2.1.7 | 43.38 | 226.69 | 270.07 | NOTE | |
r-release-macos-arm64 | 2.1.7 | 94.00 | NOTE | |||
r-release-windows-x86_64 | 2.1.7 | 38.00 | 185.00 | 223.00 | NOTE | |
r-oldrel-macos-arm64 | 2.1.7 | 108.00 | NOTE | |||
r-oldrel-macos-x86_64 | 2.1.7 | 177.00 | NOTE | |||
r-oldrel-windows-x86_64 | 2.1.7 | 49.00 | 243.00 | 292.00 | NOTE |
Version: 2.1.7
Check: C++ specification
Result: NOTE
Specified C++11: please drop specification unless essential
Flavors: r-devel-linux-x86_64-debian-clang, r-devel-linux-x86_64-debian-gcc, r-devel-linux-x86_64-fedora-clang, r-devel-linux-x86_64-fedora-gcc, r-devel-windows-x86_64, r-patched-linux-x86_64, r-release-linux-x86_64, r-release-macos-arm64, r-release-windows-x86_64, r-oldrel-macos-arm64, r-oldrel-macos-x86_64, r-oldrel-windows-x86_64
Version: 2.1.7
Check: Rd files
Result: NOTE
checkRd: (-1) summary.POUMM.Rd:28: Lost braces; missing escapes or markup?
28 | \item{stats}{a named list of functions of the form function(par) { number },
| ^
Flavors: r-devel-linux-x86_64-debian-clang, r-devel-linux-x86_64-debian-gcc, r-devel-linux-x86_64-fedora-clang, r-devel-linux-x86_64-fedora-gcc, r-devel-windows-x86_64, r-patched-linux-x86_64, r-release-linux-x86_64, r-release-macos-arm64, r-release-windows-x86_64
Version: 2.1.7
Check: installed package size
Result: NOTE
installed size is 7.2Mb
sub-directories of 1Mb or more:
libs 6.5Mb
Flavors: r-release-macos-arm64, r-oldrel-macos-arm64, r-oldrel-macos-x86_64