Last updated on 2024-06-05 00:48:57 CEST.
Flavor | Version | Tinstall | Tcheck | Ttotal | Status | Flags |
---|---|---|---|---|---|---|
r-devel-linux-x86_64-debian-clang | 0.4.22 | 748.09 | 60.56 | 808.65 | OK | |
r-devel-linux-x86_64-debian-gcc | 0.4.22 | 727.33 | 44.56 | 771.89 | OK | |
r-devel-linux-x86_64-fedora-gcc | 0.4.22 | 1730.83 | OK | |||
r-devel-windows-x86_64 | 0.4.22 | 838.00 | 120.00 | 958.00 | NOTE | |
r-patched-linux-x86_64 | 0.4.22 | 878.59 | 57.52 | 936.11 | OK | |
r-release-linux-x86_64 | 0.4.22 | 894.02 | 56.27 | 950.29 | OK | |
r-release-macos-arm64 | 0.4.22 | 212.00 | WARN | |||
r-release-macos-x86_64 | 0.4.22 | 249.00 | NOTE | |||
r-release-windows-x86_64 | 0.4.22 | 821.00 | 124.00 | 945.00 | NOTE | |
r-oldrel-macos-arm64 | 0.4.22 | 207.00 | WARN | |||
r-oldrel-macos-x86_64 | 0.4.22 | 237.00 | NOTE | |||
r-oldrel-windows-x86_64 | 0.4.22 | 1041.00 | 146.00 | 1187.00 | NOTE |
Version: 0.4.22
Check: installed package size
Result: NOTE
installed size is 14.2Mb
sub-directories of 1Mb or more:
libs 13.6Mb
Flavors: r-devel-windows-x86_64, r-release-macos-arm64, r-release-macos-x86_64, r-release-windows-x86_64, r-oldrel-macos-arm64, r-oldrel-macos-x86_64, r-oldrel-windows-x86_64
Version: 0.4.22
Check: whether package can be installed
Result: WARN
Found the following significant warnings:
/opt/R/arm64/include/boost/math/tools/config.hpp:23:6: warning: "The minimum language standard to use Boost.Math will be C++14 starting in July 2023 (Boost 1.82 release)" [-W#warnings]
# warning "The minimum language standard to use Boost.Math will be C++14 starting in July 2023 (Boost 1.82 release)"
See ‘/Volumes/Builds/packages/big-sur-arm64/results/4.4/RQuantLib.Rcheck/00install.out’ for details.
* used C++ compiler: ‘Apple clang version 14.0.0 (clang-1400.0.29.202)’
* used SDK: ‘MacOSX11.3.sdk’
Flavor: r-release-macos-arm64
Version: 0.4.22
Check: whether package can be installed
Result: WARN
Found the following significant warnings:
/opt/R/arm64/include/boost/math/tools/config.hpp:23:6: warning: "The minimum language standard to use Boost.Math will be C++14 starting in July 2023 (Boost 1.82 release)" [-W#warnings]
# warning "The minimum language standard to use Boost.Math will be C++14 starting in July 2023 (Boost 1.82 release)"
See ‘/Volumes/Builds/packages/big-sur-arm64/results/4.3/RQuantLib.Rcheck/00install.out’ for details.
* used C++ compiler: ‘Apple clang version 14.0.0 (clang-1400.0.29.202)’
* used SDK: ‘MacOSX11.3.sdk’
Flavor: r-oldrel-macos-arm64