Last updated on 2024-06-09 22:48:40 CEST.
Flavor | Version | Tinstall | Tcheck | Ttotal | Status | Flags |
---|---|---|---|---|---|---|
r-devel-linux-x86_64-debian-clang | 0.3.0 | 16.25 | 540.79 | 557.04 | NOTE | |
r-devel-linux-x86_64-debian-gcc | 0.3.0 | NOTE | ||||
r-devel-linux-x86_64-fedora-clang | 0.3.0 | 739.57 | NOTE | |||
r-devel-linux-x86_64-fedora-gcc | 0.3.0 | 816.98 | NOTE | |||
r-devel-windows-x86_64 | 0.3.0 | 12.00 | 405.00 | 417.00 | NOTE | |
r-patched-linux-x86_64 | 0.3.0 | 19.92 | 535.28 | 555.20 | NOTE | |
r-release-linux-x86_64 | 0.3.0 | 14.90 | 546.16 | 561.06 | NOTE | |
r-release-macos-arm64 | 0.3.0 | 294.00 | NOTE | |||
r-release-macos-x86_64 | 0.3.0 | 520.00 | NOTE | |||
r-release-windows-x86_64 | 0.3.0 | 12.00 | 392.00 | 404.00 | NOTE | |
r-oldrel-macos-arm64 | 0.3.0 | 373.00 | OK | |||
r-oldrel-macos-x86_64 | 0.3.0 | 606.00 | OK | |||
r-oldrel-windows-x86_64 | 0.3.0 | 16.00 | 489.00 | 505.00 | OK |
Version: 0.3.0
Check: Rd files
Result: NOTE
checkRd: (-1) cross.Rd:11: Lost braces
11 | \item{x}{\code{\link{Pop-class}} or code{\link{Colony-class}} or \code{\link{MultiColony-class}},
| ^
Flavors: r-devel-linux-x86_64-debian-clang, r-devel-linux-x86_64-debian-gcc, r-devel-linux-x86_64-fedora-clang, r-devel-linux-x86_64-fedora-gcc, r-devel-windows-x86_64, r-patched-linux-x86_64, r-release-linux-x86_64, r-release-macos-arm64, r-release-macos-x86_64, r-release-windows-x86_64