Last updated on 2024-06-05 00:49:00 CEST.
Flavor | Version | Tinstall | Tcheck | Ttotal | Status | Flags |
---|---|---|---|---|---|---|
r-devel-linux-x86_64-debian-clang | 1.0.3 | 5.88 | 40.81 | 46.69 | OK | |
r-devel-linux-x86_64-debian-gcc | 1.0.3 | 4.12 | 30.39 | 34.51 | OK | |
r-devel-linux-x86_64-fedora-clang | 1.0.3 | 57.09 | NOTE | |||
r-devel-linux-x86_64-fedora-gcc | 1.0.3 | 53.22 | NOTE | |||
r-devel-windows-x86_64 | 1.0.3 | 6.00 | 55.00 | 61.00 | OK | |
r-patched-linux-x86_64 | 1.0.3 | 6.57 | 39.13 | 45.70 | OK | |
r-release-linux-x86_64 | 1.0.3 | 3.26 | 38.99 | 42.25 | OK | |
r-release-macos-arm64 | 1.0.3 | 21.00 | OK | |||
r-release-macos-x86_64 | 1.0.3 | 41.00 | OK | |||
r-release-windows-x86_64 | 1.0.3 | 6.00 | 54.00 | 60.00 | OK | |
r-oldrel-macos-arm64 | 1.0.3 | 25.00 | OK | |||
r-oldrel-macos-x86_64 | 1.0.3 | 45.00 | OK | |||
r-oldrel-windows-x86_64 | 1.0.3 | 8.00 | 63.00 | 71.00 | OK |
Version: 1.0.3
Check: dependencies in R code
Result: NOTE
Namespace in Imports field not imported from: ‘prettymapr’
All declared Imports should be used.
Flavors: r-devel-linux-x86_64-fedora-clang, r-devel-linux-x86_64-fedora-gcc