Last updated on 2024-05-18 22:27:53 CEST.
Flavor | Version | Tinstall | Tcheck | Ttotal | Status | Flags |
---|---|---|---|---|---|---|
r-devel-linux-x86_64-debian-clang | 1.0-4 | 6.17 | 66.19 | 72.36 | NOTE | |
r-devel-linux-x86_64-debian-gcc | 1.0-4 | 5.85 | 49.63 | 55.48 | NOTE | |
r-devel-linux-x86_64-fedora-clang | 1.0-4 | 89.79 | NOTE | |||
r-devel-linux-x86_64-fedora-gcc | 1.0-4 | 136.00 | NOTE | |||
r-devel-windows-x86_64 | 1.0-4 | 8.00 | 65.00 | 73.00 | NOTE | |
r-patched-linux-x86_64 | 1.0-4 | 6.33 | 63.30 | 69.63 | NOTE | |
r-release-linux-x86_64 | 1.0-4 | 7.98 | 60.72 | 68.70 | NOTE | |
r-release-macos-arm64 | 1.0-4 | 28.00 | NOTE | |||
r-release-windows-x86_64 | 1.0-4 | 8.00 | 64.00 | 72.00 | NOTE | |
r-oldrel-macos-arm64 | 1.0-4 | 34.00 | OK | |||
r-oldrel-macos-x86_64 | 1.0-4 | 75.00 | OK | |||
r-oldrel-windows-x86_64 | 1.0-4 | 10.00 | 76.00 | 86.00 | OK |
Version: 1.0-4
Check: Rd files
Result: NOTE
checkRd: (-1) distSG.Rd:40: Lost braces; missing escapes or markup?
40 | matrix and weight matrix (plus a matrix with {eID} identifiers
| ^
Flavors: r-devel-linux-x86_64-debian-clang, r-devel-linux-x86_64-debian-gcc, r-devel-linux-x86_64-fedora-clang, r-devel-linux-x86_64-fedora-gcc, r-devel-windows-x86_64, r-patched-linux-x86_64, r-release-linux-x86_64, r-release-macos-arm64, r-release-windows-x86_64