Last updated on 2024-05-18 22:27:55 CEST.
Flavor | Version | Tinstall | Tcheck | Ttotal | Status | Flags |
---|---|---|---|---|---|---|
r-devel-linux-x86_64-debian-clang | 1.9.1 | 154.28 | 102.41 | 256.69 | NOTE | |
r-devel-linux-x86_64-debian-gcc | 1.9.1 | 128.94 | 78.71 | 207.65 | NOTE | |
r-devel-linux-x86_64-fedora-clang | 1.9.1 | 300.10 | NOTE | |||
r-devel-linux-x86_64-fedora-gcc | 1.9.1 | 434.71 | NOTE | |||
r-devel-windows-x86_64 | 1.9.1 | 115.00 | 200.00 | 315.00 | NOTE | |
r-patched-linux-x86_64 | 1.9.1 | 173.19 | 102.43 | 275.62 | NOTE | |
r-release-linux-x86_64 | 1.9.1 | 162.48 | 105.76 | 268.24 | NOTE | |
r-release-macos-arm64 | 1.9.1 | 79.00 | NOTE | |||
r-release-macos-x86_64 | 1.9.1 | 284.00 | NOTE | |||
r-release-windows-x86_64 | 1.9.1 | 118.00 | 158.00 | 276.00 | NOTE | |
r-oldrel-macos-arm64 | 1.9.1 | 97.00 | NOTE | |||
r-oldrel-macos-x86_64 | 1.9.1 | 266.00 | NOTE | |||
r-oldrel-windows-x86_64 | 1.9.1 | 141.00 | 188.00 | 329.00 | NOTE |
Version: 1.9.1
Check: for GNU extensions in Makefiles
Result: NOTE
GNU make is a SystemRequirements.
Flavors: r-devel-linux-x86_64-debian-clang, r-devel-linux-x86_64-debian-gcc, r-devel-linux-x86_64-fedora-clang, r-devel-linux-x86_64-fedora-gcc, r-devel-windows-x86_64, r-patched-linux-x86_64, r-release-linux-x86_64, r-release-macos-arm64, r-release-macos-x86_64, r-release-windows-x86_64, r-oldrel-macos-arm64, r-oldrel-macos-x86_64, r-oldrel-windows-x86_64
Version: 1.9.1
Check: dependencies in R code
Result: NOTE
Namespace in Imports field not imported from: ‘scales’
All declared Imports should be used.
Flavors: r-devel-linux-x86_64-fedora-clang, r-devel-linux-x86_64-fedora-gcc
Version: 1.9.1
Check: installed package size
Result: NOTE
installed size is 36.5Mb
sub-directories of 1Mb or more:
libs 35.2Mb
Flavors: r-release-macos-arm64, r-release-macos-x86_64, r-oldrel-macos-arm64, r-oldrel-macos-x86_64