Last updated on 2024-06-09 22:48:24 CEST.
Flavor | Version | Tinstall | Tcheck | Ttotal | Status | Flags |
---|---|---|---|---|---|---|
r-devel-linux-x86_64-debian-clang | 0.3.0 | 4.59 | 192.09 | 196.68 | NOTE | |
r-devel-linux-x86_64-debian-gcc | 0.3.0 | NOTE | ||||
r-devel-linux-x86_64-fedora-clang | 0.3.0 | 246.27 | NOTE | |||
r-devel-linux-x86_64-fedora-gcc | 0.3.0 | 243.29 | NOTE | |||
r-devel-windows-x86_64 | 0.3.0 | 6.00 | 178.00 | 184.00 | NOTE | |
r-patched-linux-x86_64 | 0.3.0 | 3.70 | 180.71 | 184.41 | NOTE | |
r-release-linux-x86_64 | 0.3.0 | 4.31 | 182.86 | 187.17 | NOTE | |
r-release-macos-arm64 | 0.3.0 | 65.00 | NOTE | |||
r-release-macos-x86_64 | 0.3.0 | 99.00 | NOTE | |||
r-release-windows-x86_64 | 0.3.0 | 5.00 | 155.00 | 160.00 | NOTE | |
r-oldrel-macos-arm64 | 0.3.0 | 63.00 | OK | |||
r-oldrel-macos-x86_64 | 0.3.0 | 160.00 | OK | |||
r-oldrel-windows-x86_64 | 0.3.0 | 6.00 | 185.00 | 191.00 | OK |
Version: 0.3.0
Check: Rd files
Result: NOTE
checkRd: (-1) noauto_scorecard.Rd:20: Lost braces; missing escapes or markup?
20 | \item{fit}{See glm {stats}.}
| ^
checkRd: (-1) noauto_scorecard2.Rd:21: Lost braces; missing escapes or markup?
21 | \item{fit}{See glm {stats}.}
| ^
Flavors: r-devel-linux-x86_64-debian-clang, r-devel-linux-x86_64-debian-gcc, r-devel-linux-x86_64-fedora-clang, r-devel-linux-x86_64-fedora-gcc, r-devel-windows-x86_64, r-patched-linux-x86_64, r-release-linux-x86_64, r-release-macos-arm64, r-release-macos-x86_64, r-release-windows-x86_64