Last updated on 2024-06-09 22:48:24 CEST.
Flavor | Version | Tinstall | Tcheck | Ttotal | Status | Flags |
---|---|---|---|---|---|---|
r-devel-linux-x86_64-debian-clang | 0.4-6 | 7.26 | 62.40 | 69.66 | NOTE | |
r-devel-linux-x86_64-debian-gcc | 0.4-6 | NOTE | ||||
r-devel-linux-x86_64-fedora-clang | 0.4-6 | 92.30 | NOTE | |||
r-devel-linux-x86_64-fedora-gcc | 0.4-6 | 80.73 | NOTE | |||
r-devel-windows-x86_64 | 0.4-6 | 6.00 | 72.00 | 78.00 | NOTE | |
r-patched-linux-x86_64 | 0.4-6 | 6.69 | 58.58 | 65.27 | NOTE | |
r-release-linux-x86_64 | 0.4-6 | 6.09 | 60.87 | 66.96 | NOTE | |
r-release-macos-arm64 | 0.4-6 | 30.00 | NOTE | |||
r-release-macos-x86_64 | 0.4-6 | 40.00 | NOTE | |||
r-release-windows-x86_64 | 0.4-6 | 6.00 | 74.00 | 80.00 | NOTE | |
r-oldrel-macos-arm64 | 0.4-6 | 28.00 | OK | |||
r-oldrel-macos-x86_64 | 0.4-6 | 72.00 | OK | |||
r-oldrel-windows-x86_64 | 0.4-6 | 8.00 | 75.00 | 83.00 | OK |
Version: 0.4-6
Check: Rd files
Result: NOTE
checkRd: (-1) plot-traj.Rd:71: Lost braces; missing escapes or markup?
71 | the plots are saved into directory {sim.dir}/predictions/migTrajectories.}
| ^
Flavors: r-devel-linux-x86_64-debian-clang, r-devel-linux-x86_64-debian-gcc, r-devel-linux-x86_64-fedora-clang, r-devel-linux-x86_64-fedora-gcc, r-devel-windows-x86_64, r-patched-linux-x86_64, r-release-linux-x86_64, r-release-macos-arm64, r-release-macos-x86_64, r-release-windows-x86_64
Version: 0.4-6
Check: Rd cross-references
Result: NOTE
Undeclared packages ‘rworldmap’, ‘snowFT’ in Rd xrefs
Flavor: r-devel-linux-x86_64-fedora-clang