Last updated on 2024-06-05 00:48:46 CEST.
Flavor | Version | Tinstall | Tcheck | Ttotal | Status | Flags |
---|---|---|---|---|---|---|
r-devel-linux-x86_64-debian-clang | 0.7.1 | 8.90 | 89.35 | 98.25 | OK | |
r-devel-linux-x86_64-debian-gcc | 0.7.1 | 5.99 | 65.55 | 71.54 | OK | |
r-devel-linux-x86_64-fedora-clang | 0.7.1 | 117.23 | ERROR | |||
r-devel-linux-x86_64-fedora-gcc | 0.7.1 | 133.71 | ERROR | |||
r-devel-windows-x86_64 | 0.7.1 | 11.00 | 87.00 | 98.00 | OK | |
r-patched-linux-x86_64 | 0.7.1 | 8.38 | 84.44 | 92.82 | OK | |
r-release-linux-x86_64 | 0.7.1 | 7.94 | 85.49 | 93.43 | OK | |
r-release-macos-arm64 | 0.7.1 | 59.00 | OK | |||
r-release-macos-x86_64 | 0.7.1 | 115.00 | OK | |||
r-release-windows-x86_64 | 0.7.1 | 11.00 | 86.00 | 97.00 | OK | |
r-oldrel-macos-arm64 | 0.7.1 | 60.00 | OK | |||
r-oldrel-macos-x86_64 | 0.7.1 | 120.00 | OK | |||
r-oldrel-windows-x86_64 | 0.7.1 | 13.00 | 144.00 | 157.00 | OK |
Version: 0.7.1
Check: examples
Result: ERROR
Running examples in ‘easystats-Ex.R’ failed
The error most likely occurred in:
> ### Name: install_suggested
> ### Title: Download all suggested packages
> ### Aliases: install_suggested show_suggested show_reverse_dependencies
>
> ### ** Examples
>
> ## Don't show:
> if (require("xml2", quietly = TRUE)) (if (getRversion() >= "3.4") withAutoprint else force)({ # examplesIf
+ ## End(Don't show)
+
+ # download all suggested packages
+ if (FALSE) {
+ install_suggested("easystats")
+ }
+
+ # listing all reverse dependencies of easystats packages
+ show_reverse_dependencies()
+
+ # listing all soft/weak dependencies of easystats packages
+ show_suggested()
+ ## Don't show:
+ }) # examplesIf
> if (FALSE) {
+ install_suggested("easystats")
+ }
> show_reverse_dependencies()
Error in elements$html$body$div[[15]][[1]][[3]] : subscript out of bounds
Calls: <Anonymous> ... <Anonymous> -> is.data.frame -> .find_reverse_dependencies
Execution halted
Flavors: r-devel-linux-x86_64-fedora-clang, r-devel-linux-x86_64-fedora-gcc