Last updated on 2024-06-05 00:48:47 CEST.
Flavor | Version | Tinstall | Tcheck | Ttotal | Status | Flags |
---|---|---|---|---|---|---|
r-devel-linux-x86_64-debian-clang | 1.0.4 | 6.50 | 33.33 | 39.83 | ERROR | |
r-devel-linux-x86_64-debian-gcc | 1.0.4 | 5.59 | 25.61 | 31.20 | ERROR | |
r-devel-linux-x86_64-fedora-clang | 1.0.4 | 749.73 | OK | |||
r-devel-linux-x86_64-fedora-gcc | 1.0.4 | 144.48 | OK | |||
r-devel-windows-x86_64 | 1.0.4 | 7.00 | 59.00 | 66.00 | ERROR | |
r-patched-linux-x86_64 | 1.0.4 | 6.36 | 508.38 | 514.74 | OK | |
r-release-linux-x86_64 | 1.0.4 | 6.80 | 31.59 | 38.39 | ERROR | |
r-release-macos-arm64 | 1.0.4 | 52.00 | OK | |||
r-release-windows-x86_64 | 1.0.4 | 6.00 | 60.00 | 66.00 | OK | |
r-oldrel-macos-arm64 | 1.0.4 | 46.00 | OK | |||
r-oldrel-macos-x86_64 | 1.0.4 | 112.00 | OK | |||
r-oldrel-windows-x86_64 | 1.0.4 | 8.00 | 63.00 | 71.00 | ERROR |
Version: 1.0.4
Check: tests
Result: ERROR
Running ‘test_constants.R’ [0s/2s]
Running ‘testthat.R’ [2s/12s]
Running the tests in ‘tests/test_constants.R’ failed.
Complete output:
> # List of required packages
> requiredPackages <- c("factset.protobuf.stach.v2")
>
> # Install missing packages
> missingPackages <- requiredPackages %in% installed.packages()[, "Package"]
> if (any(missingPackages == FALSE)) {
+ install.packages(requiredPackages, repos = "http://cran.us.r-project.org")
+ }
Installing package into '/tmp/Rtmp4D2EPm/RLIBS_8edf2ffeb3ae'
(as 'lib' is unspecified)
Warning: unable to access index for repository http://cran.us.r-project.org/src/contrib:
cannot open URL 'http://cran.us.r-project.org/src/contrib/PACKAGES'
Warning message:
package 'factset.protobuf.stach.v2' is not available for this version of R
A version of this package for your version of R might be available elsewhere,
see the ideas at
https://cran.r-project.org/doc/manuals/r-devel/R-admin.html#Installing-packages
>
> # Load packages
> # In the below statement 'invisible' is used to make the printing statements invisible
> # which means the printing statements will not appear
> invisible(lapply(requiredPackages, library, character.only = TRUE))
Error in FUN(X[[i]], ...) :
there is no package called 'factset.protobuf.stach.v2'
Calls: lapply -> FUN
Execution halted
Running the tests in ‘tests/testthat.R’ failed.
Complete output:
> library(testthat)
> library(factset.protobuf.stachextensions)
>
> test_check("factset.protobuf.stachextensions")
[ FAIL 6 | WARN 12 | SKIP 0 | PASS 0 ]
══ Failed tests ════════════════════════════════════════════════════════════════
── Error ('test-StachV2ColumnTests.R:1:1'): (code run outside of `test_that()`) ──
<packageNotFoundError/error/condition>
Error in `FUN(X[[i]], ...)`: there is no package called 'factset.protobuf.stach.v2'
Backtrace:
▆
1. ├─base::source("../test_constants.R") at test-StachV2ColumnTests.R:1:1
2. │ ├─base::withVisible(eval(ei, envir))
3. │ └─base::eval(ei, envir)
4. │ └─base::eval(ei, envir)
5. └─base::lapply(requiredPackages, library, character.only = TRUE)
6. └─base (local) FUN(X[[i]], ...)
── Error ('test-StachV2ColumnTestsWithoutHeaderTable.R:1:1'): (code run outside of `test_that()`) ──
<packageNotFoundError/error/condition>
Error in `FUN(X[[i]], ...)`: there is no package called 'factset.protobuf.stach.v2'
Backtrace:
▆
1. ├─base::source("../test_constants.R") at test-StachV2ColumnTestsWithoutHeaderTable.R:1:1
2. │ ├─base::withVisible(eval(ei, envir))
3. │ └─base::eval(ei, envir)
4. │ └─base::eval(ei, envir)
5. └─base::lapply(requiredPackages, library, character.only = TRUE)
6. └─base (local) FUN(X[[i]], ...)
── Error ('test-StachV2DecompressTests.R:1:1'): (code run outside of `test_that()`) ──
<packageNotFoundError/error/condition>
Error in `FUN(X[[i]], ...)`: there is no package called 'factset.protobuf.stach.v2'
Backtrace:
▆
1. ├─base::source("../test_constants.R") at test-StachV2DecompressTests.R:1:1
2. │ ├─base::withVisible(eval(ei, envir))
3. │ └─base::eval(ei, envir)
4. │ └─base::eval(ei, envir)
5. └─base::lapply(requiredPackages, library, character.only = TRUE)
6. └─base (local) FUN(X[[i]], ...)
── Error ('test-StachV2RowTests.R:1:1'): (code run outside of `test_that()`) ───
<packageNotFoundError/error/condition>
Error in `FUN(X[[i]], ...)`: there is no package called 'factset.protobuf.stach.v2'
Backtrace:
▆
1. ├─base::source("../test_constants.R") at test-StachV2RowTests.R:1:1
2. │ ├─base::withVisible(eval(ei, envir))
3. │ └─base::eval(ei, envir)
4. │ └─base::eval(ei, envir)
5. └─base::lapply(requiredPackages, library, character.only = TRUE)
6. └─base (local) FUN(X[[i]], ...)
── Error ('test-StachV2RowWithRowAndColSpanTests.R:1:1'): (code run outside of `test_that()`) ──
<packageNotFoundError/error/condition>
Error in `FUN(X[[i]], ...)`: there is no package called 'factset.protobuf.stach.v2'
Backtrace:
▆
1. ├─base::source("../test_constants.R") at test-StachV2RowWithRowAndColSpanTests.R:1:1
2. │ ├─base::withVisible(eval(ei, envir))
3. │ └─base::eval(ei, envir)
4. │ └─base::eval(ei, envir)
5. └─base::lapply(requiredPackages, library, character.only = TRUE)
6. └─base (local) FUN(X[[i]], ...)
── Error ('test-StachV2SimplifiedRowTests.R:1:1'): (code run outside of `test_that()`) ──
<packageNotFoundError/error/condition>
Error in `FUN(X[[i]], ...)`: there is no package called 'factset.protobuf.stach.v2'
Backtrace:
▆
1. ├─base::source("../test_constants.R") at test-StachV2SimplifiedRowTests.R:1:1
2. │ ├─base::withVisible(eval(ei, envir))
3. │ └─base::eval(ei, envir)
4. │ └─base::eval(ei, envir)
5. └─base::lapply(requiredPackages, library, character.only = TRUE)
6. └─base (local) FUN(X[[i]], ...)
[ FAIL 6 | WARN 12 | SKIP 0 | PASS 0 ]
Error: Test failures
Execution halted
Flavor: r-devel-linux-x86_64-debian-clang
Version: 1.0.4
Check: tests
Result: ERROR
Running ‘test_constants.R’ [0s/3s]
Running ‘testthat.R’ [2s/12s]
Running the tests in ‘tests/test_constants.R’ failed.
Complete output:
> # List of required packages
> requiredPackages <- c("factset.protobuf.stach.v2")
>
> # Install missing packages
> missingPackages <- requiredPackages %in% installed.packages()[, "Package"]
> if (any(missingPackages == FALSE)) {
+ install.packages(requiredPackages, repos = "http://cran.us.r-project.org")
+ }
Installing package into '/home/hornik/tmp/scratch/RtmpMDYuBs/RLIBS_84470161955fb'
(as 'lib' is unspecified)
Warning: unable to access index for repository http://cran.us.r-project.org/src/contrib:
cannot open URL 'http://cran.us.r-project.org/src/contrib/PACKAGES'
Warning message:
package 'factset.protobuf.stach.v2' is not available for this version of R
A version of this package for your version of R might be available elsewhere,
see the ideas at
https://cran.r-project.org/doc/manuals/r-devel/R-admin.html#Installing-packages
>
> # Load packages
> # In the below statement 'invisible' is used to make the printing statements invisible
> # which means the printing statements will not appear
> invisible(lapply(requiredPackages, library, character.only = TRUE))
Error in FUN(X[[i]], ...) :
there is no package called 'factset.protobuf.stach.v2'
Calls: lapply -> FUN
Execution halted
Running the tests in ‘tests/testthat.R’ failed.
Complete output:
> library(testthat)
> library(factset.protobuf.stachextensions)
>
> test_check("factset.protobuf.stachextensions")
[ FAIL 6 | WARN 12 | SKIP 0 | PASS 0 ]
══ Failed tests ════════════════════════════════════════════════════════════════
── Error ('test-StachV2ColumnTests.R:1:1'): (code run outside of `test_that()`) ──
<packageNotFoundError/error/condition>
Error in `FUN(X[[i]], ...)`: there is no package called 'factset.protobuf.stach.v2'
Backtrace:
▆
1. ├─base::source("../test_constants.R") at test-StachV2ColumnTests.R:1:1
2. │ ├─base::withVisible(eval(ei, envir))
3. │ └─base::eval(ei, envir)
4. │ └─base::eval(ei, envir)
5. └─base::lapply(requiredPackages, library, character.only = TRUE)
6. └─base (local) FUN(X[[i]], ...)
── Error ('test-StachV2ColumnTestsWithoutHeaderTable.R:1:1'): (code run outside of `test_that()`) ──
<packageNotFoundError/error/condition>
Error in `FUN(X[[i]], ...)`: there is no package called 'factset.protobuf.stach.v2'
Backtrace:
▆
1. ├─base::source("../test_constants.R") at test-StachV2ColumnTestsWithoutHeaderTable.R:1:1
2. │ ├─base::withVisible(eval(ei, envir))
3. │ └─base::eval(ei, envir)
4. │ └─base::eval(ei, envir)
5. └─base::lapply(requiredPackages, library, character.only = TRUE)
6. └─base (local) FUN(X[[i]], ...)
── Error ('test-StachV2DecompressTests.R:1:1'): (code run outside of `test_that()`) ──
<packageNotFoundError/error/condition>
Error in `FUN(X[[i]], ...)`: there is no package called 'factset.protobuf.stach.v2'
Backtrace:
▆
1. ├─base::source("../test_constants.R") at test-StachV2DecompressTests.R:1:1
2. │ ├─base::withVisible(eval(ei, envir))
3. │ └─base::eval(ei, envir)
4. │ └─base::eval(ei, envir)
5. └─base::lapply(requiredPackages, library, character.only = TRUE)
6. └─base (local) FUN(X[[i]], ...)
── Error ('test-StachV2RowTests.R:1:1'): (code run outside of `test_that()`) ───
<packageNotFoundError/error/condition>
Error in `FUN(X[[i]], ...)`: there is no package called 'factset.protobuf.stach.v2'
Backtrace:
▆
1. ├─base::source("../test_constants.R") at test-StachV2RowTests.R:1:1
2. │ ├─base::withVisible(eval(ei, envir))
3. │ └─base::eval(ei, envir)
4. │ └─base::eval(ei, envir)
5. └─base::lapply(requiredPackages, library, character.only = TRUE)
6. └─base (local) FUN(X[[i]], ...)
── Error ('test-StachV2RowWithRowAndColSpanTests.R:1:1'): (code run outside of `test_that()`) ──
<packageNotFoundError/error/condition>
Error in `FUN(X[[i]], ...)`: there is no package called 'factset.protobuf.stach.v2'
Backtrace:
▆
1. ├─base::source("../test_constants.R") at test-StachV2RowWithRowAndColSpanTests.R:1:1
2. │ ├─base::withVisible(eval(ei, envir))
3. │ └─base::eval(ei, envir)
4. │ └─base::eval(ei, envir)
5. └─base::lapply(requiredPackages, library, character.only = TRUE)
6. └─base (local) FUN(X[[i]], ...)
── Error ('test-StachV2SimplifiedRowTests.R:1:1'): (code run outside of `test_that()`) ──
<packageNotFoundError/error/condition>
Error in `FUN(X[[i]], ...)`: there is no package called 'factset.protobuf.stach.v2'
Backtrace:
▆
1. ├─base::source("../test_constants.R") at test-StachV2SimplifiedRowTests.R:1:1
2. │ ├─base::withVisible(eval(ei, envir))
3. │ └─base::eval(ei, envir)
4. │ └─base::eval(ei, envir)
5. └─base::lapply(requiredPackages, library, character.only = TRUE)
6. └─base (local) FUN(X[[i]], ...)
[ FAIL 6 | WARN 12 | SKIP 0 | PASS 0 ]
Error: Test failures
Execution halted
Flavor: r-devel-linux-x86_64-debian-gcc
Version: 1.0.4
Check: tests
Result: ERROR
Running 'test_constants.R' [3s]
Running 'testthat.R' [12s]
Running the tests in 'tests/test_constants.R' failed.
Complete output:
> # List of required packages
> requiredPackages <- c("factset.protobuf.stach.v2")
>
> # Install missing packages
> missingPackages <- requiredPackages %in% installed.packages()[, "Package"]
> if (any(missingPackages == FALSE)) {
+ install.packages(requiredPackages, repos = "http://cran.us.r-project.org")
+ }
Installing package into 'D:/temp/Rtmp25nd4u/RLIBS_3d3da0715411'
(as 'lib' is unspecified)
Warning: unable to access index for repository http://cran.us.r-project.org/src/contrib:
cannot open URL 'http://cran.us.r-project.org/src/contrib/PACKAGES'
Warning: unable to access index for repository http://cran.us.r-project.org/bin/windows/contrib/4.5:
cannot open URL 'http://cran.us.r-project.org/bin/windows/contrib/4.5/PACKAGES'
Warning message:
package 'factset.protobuf.stach.v2' is not available for this version of R
A version of this package for your version of R might be available elsewhere,
see the ideas at
https://cran.r-project.org/doc/manuals/r-devel/R-admin.html#Installing-packages
>
> # Load packages
> # In the below statement 'invisible' is used to make the printing statements invisible
> # which means the printing statements will not appear
> invisible(lapply(requiredPackages, library, character.only = TRUE))
Error in FUN(X[[i]], ...) :
there is no package called 'factset.protobuf.stach.v2'
Calls: lapply -> FUN
Execution halted
Running the tests in 'tests/testthat.R' failed.
Complete output:
> library(testthat)
> library(factset.protobuf.stachextensions)
>
> test_check("factset.protobuf.stachextensions")
[ FAIL 6 | WARN 18 | SKIP 0 | PASS 0 ]
══ Failed tests ════════════════════════════════════════════════════════════════
── Error ('test-StachV2ColumnTests.R:1:1'): (code run outside of `test_that()`) ──
<packageNotFoundError/error/condition>
Error in `FUN(X[[i]], ...)`: there is no package called 'factset.protobuf.stach.v2'
Backtrace:
▆
1. ├─base::source("../test_constants.R") at test-StachV2ColumnTests.R:1:1
2. │ ├─base::withVisible(eval(ei, envir))
3. │ └─base::eval(ei, envir)
4. │ └─base::eval(ei, envir)
5. └─base::lapply(requiredPackages, library, character.only = TRUE)
6. └─base (local) FUN(X[[i]], ...)
── Error ('test-StachV2ColumnTestsWithoutHeaderTable.R:1:1'): (code run outside of `test_that()`) ──
<packageNotFoundError/error/condition>
Error in `FUN(X[[i]], ...)`: there is no package called 'factset.protobuf.stach.v2'
Backtrace:
▆
1. ├─base::source("../test_constants.R") at test-StachV2ColumnTestsWithoutHeaderTable.R:1:1
2. │ ├─base::withVisible(eval(ei, envir))
3. │ └─base::eval(ei, envir)
4. │ └─base::eval(ei, envir)
5. └─base::lapply(requiredPackages, library, character.only = TRUE)
6. └─base (local) FUN(X[[i]], ...)
── Error ('test-StachV2DecompressTests.R:1:1'): (code run outside of `test_that()`) ──
<packageNotFoundError/error/condition>
Error in `FUN(X[[i]], ...)`: there is no package called 'factset.protobuf.stach.v2'
Backtrace:
▆
1. ├─base::source("../test_constants.R") at test-StachV2DecompressTests.R:1:1
2. │ ├─base::withVisible(eval(ei, envir))
3. │ └─base::eval(ei, envir)
4. │ └─base::eval(ei, envir)
5. └─base::lapply(requiredPackages, library, character.only = TRUE)
6. └─base (local) FUN(X[[i]], ...)
── Error ('test-StachV2RowTests.R:1:1'): (code run outside of `test_that()`) ───
<packageNotFoundError/error/condition>
Error in `FUN(X[[i]], ...)`: there is no package called 'factset.protobuf.stach.v2'
Backtrace:
▆
1. ├─base::source("../test_constants.R") at test-StachV2RowTests.R:1:1
2. │ ├─base::withVisible(eval(ei, envir))
3. │ └─base::eval(ei, envir)
4. │ └─base::eval(ei, envir)
5. └─base::lapply(requiredPackages, library, character.only = TRUE)
6. └─base (local) FUN(X[[i]], ...)
── Error ('test-StachV2RowWithRowAndColSpanTests.R:1:1'): (code run outside of `test_that()`) ──
<packageNotFoundError/error/condition>
Error in `FUN(X[[i]], ...)`: there is no package called 'factset.protobuf.stach.v2'
Backtrace:
▆
1. ├─base::source("../test_constants.R") at test-StachV2RowWithRowAndColSpanTests.R:1:1
2. │ ├─base::withVisible(eval(ei, envir))
3. │ └─base::eval(ei, envir)
4. │ └─base::eval(ei, envir)
5. └─base::lapply(requiredPackages, library, character.only = TRUE)
6. └─base (local) FUN(X[[i]], ...)
── Error ('test-StachV2SimplifiedRowTests.R:1:1'): (code run outside of `test_that()`) ──
<packageNotFoundError/error/condition>
Error in `FUN(X[[i]], ...)`: there is no package called 'factset.protobuf.stach.v2'
Backtrace:
▆
1. ├─base::source("../test_constants.R") at test-StachV2SimplifiedRowTests.R:1:1
2. │ ├─base::withVisible(eval(ei, envir))
3. │ └─base::eval(ei, envir)
4. │ └─base::eval(ei, envir)
5. └─base::lapply(requiredPackages, library, character.only = TRUE)
6. └─base (local) FUN(X[[i]], ...)
[ FAIL 6 | WARN 18 | SKIP 0 | PASS 0 ]
Error: Test failures
Execution halted
Flavor: r-devel-windows-x86_64
Version: 1.0.4
Check: tests
Result: ERROR
Running ‘test_constants.R’ [0s/2s]
Running ‘testthat.R’ [2s/11s]
Running the tests in ‘tests/test_constants.R’ failed.
Complete output:
> # List of required packages
> requiredPackages <- c("factset.protobuf.stach.v2")
>
> # Install missing packages
> missingPackages <- requiredPackages %in% installed.packages()[, "Package"]
> if (any(missingPackages == FALSE)) {
+ install.packages(requiredPackages, repos = "http://cran.us.r-project.org")
+ }
Installing package into '/tmp/RtmpoGazRd/RLIBS_41be22ebe9ef6'
(as 'lib' is unspecified)
Warning: unable to access index for repository http://cran.us.r-project.org/src/contrib:
cannot open URL 'http://cran.us.r-project.org/src/contrib/PACKAGES'
Warning message:
package 'factset.protobuf.stach.v2' is not available for this version of R
A version of this package for your version of R might be available elsewhere,
see the ideas at
https://cran.r-project.org/doc/manuals/r-patched/R-admin.html#Installing-packages
>
> # Load packages
> # In the below statement 'invisible' is used to make the printing statements invisible
> # which means the printing statements will not appear
> invisible(lapply(requiredPackages, library, character.only = TRUE))
Error in FUN(X[[i]], ...) :
there is no package called 'factset.protobuf.stach.v2'
Calls: lapply -> FUN
Execution halted
Running the tests in ‘tests/testthat.R’ failed.
Complete output:
> library(testthat)
> library(factset.protobuf.stachextensions)
>
> test_check("factset.protobuf.stachextensions")
[ FAIL 6 | WARN 12 | SKIP 0 | PASS 0 ]
══ Failed tests ════════════════════════════════════════════════════════════════
── Error ('test-StachV2ColumnTests.R:1:1'): (code run outside of `test_that()`) ──
<packageNotFoundError/error/condition>
Error in `FUN(X[[i]], ...)`: there is no package called 'factset.protobuf.stach.v2'
Backtrace:
▆
1. ├─base::source("../test_constants.R") at test-StachV2ColumnTests.R:1:1
2. │ ├─base::withVisible(eval(ei, envir))
3. │ └─base::eval(ei, envir)
4. │ └─base::eval(ei, envir)
5. └─base::lapply(requiredPackages, library, character.only = TRUE)
6. └─base (local) FUN(X[[i]], ...)
── Error ('test-StachV2ColumnTestsWithoutHeaderTable.R:1:1'): (code run outside of `test_that()`) ──
<packageNotFoundError/error/condition>
Error in `FUN(X[[i]], ...)`: there is no package called 'factset.protobuf.stach.v2'
Backtrace:
▆
1. ├─base::source("../test_constants.R") at test-StachV2ColumnTestsWithoutHeaderTable.R:1:1
2. │ ├─base::withVisible(eval(ei, envir))
3. │ └─base::eval(ei, envir)
4. │ └─base::eval(ei, envir)
5. └─base::lapply(requiredPackages, library, character.only = TRUE)
6. └─base (local) FUN(X[[i]], ...)
── Error ('test-StachV2DecompressTests.R:1:1'): (code run outside of `test_that()`) ──
<packageNotFoundError/error/condition>
Error in `FUN(X[[i]], ...)`: there is no package called 'factset.protobuf.stach.v2'
Backtrace:
▆
1. ├─base::source("../test_constants.R") at test-StachV2DecompressTests.R:1:1
2. │ ├─base::withVisible(eval(ei, envir))
3. │ └─base::eval(ei, envir)
4. │ └─base::eval(ei, envir)
5. └─base::lapply(requiredPackages, library, character.only = TRUE)
6. └─base (local) FUN(X[[i]], ...)
── Error ('test-StachV2RowTests.R:1:1'): (code run outside of `test_that()`) ───
<packageNotFoundError/error/condition>
Error in `FUN(X[[i]], ...)`: there is no package called 'factset.protobuf.stach.v2'
Backtrace:
▆
1. ├─base::source("../test_constants.R") at test-StachV2RowTests.R:1:1
2. │ ├─base::withVisible(eval(ei, envir))
3. │ └─base::eval(ei, envir)
4. │ └─base::eval(ei, envir)
5. └─base::lapply(requiredPackages, library, character.only = TRUE)
6. └─base (local) FUN(X[[i]], ...)
── Error ('test-StachV2RowWithRowAndColSpanTests.R:1:1'): (code run outside of `test_that()`) ──
<packageNotFoundError/error/condition>
Error in `FUN(X[[i]], ...)`: there is no package called 'factset.protobuf.stach.v2'
Backtrace:
▆
1. ├─base::source("../test_constants.R") at test-StachV2RowWithRowAndColSpanTests.R:1:1
2. │ ├─base::withVisible(eval(ei, envir))
3. │ └─base::eval(ei, envir)
4. │ └─base::eval(ei, envir)
5. └─base::lapply(requiredPackages, library, character.only = TRUE)
6. └─base (local) FUN(X[[i]], ...)
── Error ('test-StachV2SimplifiedRowTests.R:1:1'): (code run outside of `test_that()`) ──
<packageNotFoundError/error/condition>
Error in `FUN(X[[i]], ...)`: there is no package called 'factset.protobuf.stach.v2'
Backtrace:
▆
1. ├─base::source("../test_constants.R") at test-StachV2SimplifiedRowTests.R:1:1
2. │ ├─base::withVisible(eval(ei, envir))
3. │ └─base::eval(ei, envir)
4. │ └─base::eval(ei, envir)
5. └─base::lapply(requiredPackages, library, character.only = TRUE)
6. └─base (local) FUN(X[[i]], ...)
[ FAIL 6 | WARN 12 | SKIP 0 | PASS 0 ]
Error: Test failures
Execution halted
Flavor: r-release-linux-x86_64
Version: 1.0.4
Check: tests
Result: ERROR
Running 'test_constants.R' [4s]
Running 'testthat.R' [13s]
Running the tests in 'tests/test_constants.R' failed.
Complete output:
> # List of required packages
> requiredPackages <- c("factset.protobuf.stach.v2")
>
> # Install missing packages
> missingPackages <- requiredPackages %in% installed.packages()[, "Package"]
> if (any(missingPackages == FALSE)) {
+ install.packages(requiredPackages, repos = "http://cran.us.r-project.org")
+ }
Installing package into 'D:/temp/RtmpYPwtp4/RLIBS_381038ed4c83'
(as 'lib' is unspecified)
Warning: unable to access index for repository http://cran.us.r-project.org/src/contrib:
cannot open URL 'http://cran.us.r-project.org/src/contrib/PACKAGES'
Warning message:
package 'factset.protobuf.stach.v2' is not available for this version of R
A version of this package for your version of R might be available elsewhere,
see the ideas at
https://cran.r-project.org/doc/manuals/r-patched/R-admin.html#Installing-packages
>
> # Load packages
> # In the below statement 'invisible' is used to make the printing statements invisible
> # which means the printing statements will not appear
> invisible(lapply(requiredPackages, library, character.only = TRUE))
Error in FUN(X[[i]], ...) :
there is no package called 'factset.protobuf.stach.v2'
Calls: lapply -> FUN
Execution halted
Running the tests in 'tests/testthat.R' failed.
Complete output:
> library(testthat)
> library(factset.protobuf.stachextensions)
>
> test_check("factset.protobuf.stachextensions")
[ FAIL 6 | WARN 12 | SKIP 0 | PASS 0 ]
══ Failed tests ════════════════════════════════════════════════════════════════
── Error ('test-StachV2ColumnTests.R:1:1'): (code run outside of `test_that()`) ──
<packageNotFoundError/error/condition>
Error in `FUN(X[[i]], ...)`: there is no package called 'factset.protobuf.stach.v2'
Backtrace:
▆
1. ├─base::source("../test_constants.R") at test-StachV2ColumnTests.R:1:1
2. │ ├─base::withVisible(eval(ei, envir))
3. │ └─base::eval(ei, envir)
4. │ └─base::eval(ei, envir)
5. └─base::lapply(requiredPackages, library, character.only = TRUE)
6. └─base (local) FUN(X[[i]], ...)
── Error ('test-StachV2ColumnTestsWithoutHeaderTable.R:1:1'): (code run outside of `test_that()`) ──
<packageNotFoundError/error/condition>
Error in `FUN(X[[i]], ...)`: there is no package called 'factset.protobuf.stach.v2'
Backtrace:
▆
1. ├─base::source("../test_constants.R") at test-StachV2ColumnTestsWithoutHeaderTable.R:1:1
2. │ ├─base::withVisible(eval(ei, envir))
3. │ └─base::eval(ei, envir)
4. │ └─base::eval(ei, envir)
5. └─base::lapply(requiredPackages, library, character.only = TRUE)
6. └─base (local) FUN(X[[i]], ...)
── Error ('test-StachV2DecompressTests.R:1:1'): (code run outside of `test_that()`) ──
<packageNotFoundError/error/condition>
Error in `FUN(X[[i]], ...)`: there is no package called 'factset.protobuf.stach.v2'
Backtrace:
▆
1. ├─base::source("../test_constants.R") at test-StachV2DecompressTests.R:1:1
2. │ ├─base::withVisible(eval(ei, envir))
3. │ └─base::eval(ei, envir)
4. │ └─base::eval(ei, envir)
5. └─base::lapply(requiredPackages, library, character.only = TRUE)
6. └─base (local) FUN(X[[i]], ...)
── Error ('test-StachV2RowTests.R:1:1'): (code run outside of `test_that()`) ───
<packageNotFoundError/error/condition>
Error in `FUN(X[[i]], ...)`: there is no package called 'factset.protobuf.stach.v2'
Backtrace:
▆
1. ├─base::source("../test_constants.R") at test-StachV2RowTests.R:1:1
2. │ ├─base::withVisible(eval(ei, envir))
3. │ └─base::eval(ei, envir)
4. │ └─base::eval(ei, envir)
5. └─base::lapply(requiredPackages, library, character.only = TRUE)
6. └─base (local) FUN(X[[i]], ...)
── Error ('test-StachV2RowWithRowAndColSpanTests.R:1:1'): (code run outside of `test_that()`) ──
<packageNotFoundError/error/condition>
Error in `FUN(X[[i]], ...)`: there is no package called 'factset.protobuf.stach.v2'
Backtrace:
▆
1. ├─base::source("../test_constants.R") at test-StachV2RowWithRowAndColSpanTests.R:1:1
2. │ ├─base::withVisible(eval(ei, envir))
3. │ └─base::eval(ei, envir)
4. │ └─base::eval(ei, envir)
5. └─base::lapply(requiredPackages, library, character.only = TRUE)
6. └─base (local) FUN(X[[i]], ...)
── Error ('test-StachV2SimplifiedRowTests.R:1:1'): (code run outside of `test_that()`) ──
<packageNotFoundError/error/condition>
Error in `FUN(X[[i]], ...)`: there is no package called 'factset.protobuf.stach.v2'
Backtrace:
▆
1. ├─base::source("../test_constants.R") at test-StachV2SimplifiedRowTests.R:1:1
2. │ ├─base::withVisible(eval(ei, envir))
3. │ └─base::eval(ei, envir)
4. │ └─base::eval(ei, envir)
5. └─base::lapply(requiredPackages, library, character.only = TRUE)
6. └─base (local) FUN(X[[i]], ...)
[ FAIL 6 | WARN 12 | SKIP 0 | PASS 0 ]
Error: Test failures
Execution halted
Flavor: r-oldrel-windows-x86_64