Last updated on 2024-06-09 22:48:29 CEST.
Flavor | Version | Tinstall | Tcheck | Ttotal | Status | Flags |
---|---|---|---|---|---|---|
r-devel-linux-x86_64-debian-clang | 0.1.2 | 11.97 | 125.82 | 137.79 | OK | |
r-devel-linux-x86_64-debian-gcc | 0.1.2 | OK | ||||
r-devel-linux-x86_64-fedora-clang | 0.1.2 | 172.02 | NOTE | |||
r-devel-linux-x86_64-fedora-gcc | 0.1.2 | 162.79 | OK | |||
r-devel-windows-x86_64 | 0.1.2 | 14.00 | 106.00 | 120.00 | OK | |
r-patched-linux-x86_64 | 0.1.2 | 20.98 | 117.44 | 138.42 | OK | |
r-release-linux-x86_64 | 0.1.2 | 13.81 | 119.66 | 133.47 | OK | |
r-release-macos-arm64 | 0.1.2 | 49.00 | OK | |||
r-release-macos-x86_64 | 0.1.2 | 71.00 | OK | |||
r-release-windows-x86_64 | 0.1.2 | 14.00 | 110.00 | 124.00 | OK | |
r-oldrel-macos-arm64 | 0.1.1 | 55.00 | OK | |||
r-oldrel-macos-x86_64 | 0.1.1 | 115.00 | OK | |||
r-oldrel-windows-x86_64 | 0.1.1 | 17.00 | 130.00 | 147.00 | OK |
Version: 0.1.2
Check: Rd cross-references
Result: NOTE
Undeclared package ‘rstpm2’ in Rd xrefs
Flavor: r-devel-linux-x86_64-fedora-clang