Last updated on 2024-06-05 00:48:50 CEST.
Flavor | Version | Tinstall | Tcheck | Ttotal | Status | Flags |
---|---|---|---|---|---|---|
r-devel-linux-x86_64-debian-clang | 1.1-6 | 187.37 | 245.35 | 432.72 | OK | |
r-devel-linux-x86_64-debian-gcc | 1.1-6 | 136.24 | 184.86 | 321.10 | OK | |
r-devel-linux-x86_64-fedora-clang | 1.1-6 | 541.46 | OK | |||
r-devel-linux-x86_64-fedora-gcc | 1.1-6 | 608.29 | OK | |||
r-devel-windows-x86_64 | 1.1-6 | 127.00 | 287.00 | 414.00 | OK | |
r-patched-linux-x86_64 | 1.1-6 | 168.39 | 247.00 | 415.39 | OK | |
r-release-linux-x86_64 | 1.1-6 | 166.57 | 239.24 | 405.81 | OK | |
r-release-macos-arm64 | 1.1-6 | 137.00 | NOTE | |||
r-release-macos-x86_64 | 1.1-6 | 432.00 | NOTE | |||
r-release-windows-x86_64 | 1.1-6 | 128.00 | 283.00 | 411.00 | OK | |
r-oldrel-macos-arm64 | 1.1-6 | 198.00 | NOTE | |||
r-oldrel-macos-x86_64 | 1.1-6 | 604.00 | NOTE | |||
r-oldrel-windows-x86_64 | 1.1-6 | 163.00 | 308.00 | 471.00 | OK |
Version: 1.1-6
Check: installed package size
Result: NOTE
installed size is 33.2Mb
sub-directories of 1Mb or more:
doc 1.1Mb
libs 31.8Mb
Flavors: r-release-macos-arm64, r-release-macos-x86_64, r-oldrel-macos-arm64, r-oldrel-macos-x86_64