Last updated on 2024-06-05 00:48:50 CEST.
Flavor | Version | Tinstall | Tcheck | Ttotal | Status | Flags |
---|---|---|---|---|---|---|
r-devel-linux-x86_64-debian-clang | 1.2.4 | 691.75 | 284.02 | 975.77 | NOTE | |
r-devel-linux-x86_64-debian-gcc | 1.2.4 | 574.38 | 253.53 | 827.91 | NOTE | |
r-devel-linux-x86_64-fedora-clang | 1.2.4 | 1138.37 | NOTE | |||
r-devel-linux-x86_64-fedora-gcc | 1.2.4 | 1603.23 | NOTE | |||
r-devel-windows-x86_64 | 1.2.4 | 508.00 | 267.00 | 775.00 | NOTE | |
r-patched-linux-x86_64 | 1.2.4 | 0.01 | 3.14 | 3.15 | ERROR | |
r-release-linux-x86_64 | 1.2.4 | 511.35 | 344.49 | 855.84 | NOTE | |
r-release-macos-arm64 | 1.2.4 | 282.00 | NOTE | |||
r-release-windows-x86_64 | 1.2.4 | 501.00 | 266.00 | 767.00 | NOTE | |
r-oldrel-macos-arm64 | 1.2.4 | 350.00 | NOTE | |||
r-oldrel-macos-x86_64 | 1.2.4 | 628.00 | NOTE | |||
r-oldrel-windows-x86_64 | 1.2.4 | 650.00 | 334.00 | 984.00 | NOTE |
Version: 1.2.4
Check: Rd files
Result: NOTE
checkRd: (-1) prior_to_num.Rd:13: Lost braces; missing escapes or markup?
13 | {'uniform', 'normal', 'student-t', 'gamma', 'inv-gamma', 'log-normal'}
| ^
Flavors: r-devel-linux-x86_64-debian-clang, r-devel-linux-x86_64-debian-gcc, r-devel-linux-x86_64-fedora-clang, r-devel-linux-x86_64-fedora-gcc, r-devel-windows-x86_64, r-release-linux-x86_64, r-release-macos-arm64, r-release-windows-x86_64
Version: 1.2.4
Check: for GNU extensions in Makefiles
Result: NOTE
GNU make is a SystemRequirements.
Flavors: r-devel-linux-x86_64-debian-clang, r-devel-linux-x86_64-debian-gcc, r-devel-linux-x86_64-fedora-clang, r-devel-linux-x86_64-fedora-gcc, r-devel-windows-x86_64, r-release-linux-x86_64, r-release-macos-arm64, r-release-windows-x86_64, r-oldrel-macos-arm64, r-oldrel-macos-x86_64, r-oldrel-windows-x86_64
Version: 1.2.4
Check: installed package size
Result: NOTE
installed size is 7.1Mb
sub-directories of 1Mb or more:
libs 5.8Mb
Flavors: r-devel-linux-x86_64-fedora-clang, r-devel-windows-x86_64, r-release-macos-arm64, r-release-windows-x86_64, r-oldrel-macos-arm64, r-oldrel-macos-x86_64, r-oldrel-windows-x86_64
Version: 1.2.4
Check: whether package can be installed
Result: ERROR
Installation failed.
Flavor: r-patched-linux-x86_64