Last updated on 2024-05-18 22:27:41 CEST.
Flavor | Version | Tinstall | Tcheck | Ttotal | Status | Flags |
---|---|---|---|---|---|---|
r-devel-linux-x86_64-debian-clang | 0.4.4 | 16.97 | 155.94 | 172.91 | OK | |
r-devel-linux-x86_64-debian-gcc | 0.4.4 | 13.67 | 113.02 | 126.69 | OK | |
r-devel-linux-x86_64-fedora-clang | 0.4.4 | 212.54 | NOTE | |||
r-devel-linux-x86_64-fedora-gcc | 0.4.4 | 251.67 | NOTE | |||
r-devel-windows-x86_64 | 0.4.4 | 15.00 | 125.00 | 140.00 | OK | |
r-patched-linux-x86_64 | 0.4.4 | 15.28 | 143.61 | 158.89 | OK | |
r-release-linux-x86_64 | 0.4.4 | 12.23 | 150.71 | 162.94 | OK | |
r-release-macos-arm64 | 0.4.4 | 50.00 | OK | |||
r-release-macos-x86_64 | 0.4.4 | 160.00 | OK | |||
r-release-windows-x86_64 | 0.4.4 | 15.00 | 124.00 | 139.00 | OK | |
r-oldrel-macos-arm64 | 0.4.4 | 58.00 | OK | |||
r-oldrel-macos-x86_64 | 0.4.4 | 112.00 | OK | |||
r-oldrel-windows-x86_64 | 0.4.4 | 20.00 | 153.00 | 173.00 | OK |
Version: 0.4.4
Check: data for non-ASCII characters
Result: NOTE
Note: found 7 marked UTF-8 strings
Flavors: r-devel-linux-x86_64-fedora-clang, r-devel-linux-x86_64-fedora-gcc