Last updated on 2024-05-18 22:27:41 CEST.
Flavor | Version | Tinstall | Tcheck | Ttotal | Status | Flags |
---|---|---|---|---|---|---|
r-devel-linux-x86_64-debian-clang | 0.1.3 | 7.00 | 47.67 | 54.67 | NOTE | |
r-devel-linux-x86_64-debian-gcc | 0.1.3 | 4.67 | 35.39 | 40.06 | NOTE | |
r-devel-linux-x86_64-fedora-clang | 0.1.3 | 66.16 | NOTE | |||
r-devel-linux-x86_64-fedora-gcc | 0.1.3 | 83.67 | NOTE | |||
r-devel-windows-x86_64 | 0.1.3 | 7.00 | 71.00 | 78.00 | OK | |
r-patched-linux-x86_64 | 0.1.3 | 7.96 | 45.95 | 53.91 | NOTE | |
r-release-linux-x86_64 | 0.1.3 | 6.54 | 44.84 | 51.38 | NOTE | |
r-release-macos-arm64 | 0.1.3 | 24.00 | OK | |||
r-release-windows-x86_64 | 0.1.3 | 7.00 | 69.00 | 76.00 | OK | |
r-oldrel-macos-arm64 | 0.1.3 | 24.00 | OK | |||
r-oldrel-macos-x86_64 | 0.1.3 | 33.00 | OK | |||
r-oldrel-windows-x86_64 | 0.1.3 | 8.00 | 76.00 | 84.00 | OK |
Version: 0.1.3
Check: for non-standard things in the check directory
Result: NOTE
Found the following files/directories:
‘map_5.png’ ‘maze_5.html’
Flavors: r-devel-linux-x86_64-debian-clang, r-devel-linux-x86_64-debian-gcc, r-devel-linux-x86_64-fedora-clang, r-devel-linux-x86_64-fedora-gcc, r-patched-linux-x86_64, r-release-linux-x86_64