Last updated on 2024-06-09 22:48:34 CEST.
Flavor | Version | Tinstall | Tcheck | Ttotal | Status | Flags |
---|---|---|---|---|---|---|
r-devel-linux-x86_64-debian-clang | 0.1.2 | 2.97 | 42.64 | 45.61 | NOTE | |
r-devel-linux-x86_64-debian-gcc | 0.1.2 | NOTE | ||||
r-devel-linux-x86_64-fedora-clang | 0.1.2 | 60.26 | NOTE | |||
r-devel-linux-x86_64-fedora-gcc | 0.1.2 | 69.75 | NOTE | |||
r-devel-windows-x86_64 | 0.1.2 | 4.00 | 54.00 | 58.00 | NOTE | |
r-patched-linux-x86_64 | 0.1.2 | 3.28 | 41.36 | 44.64 | NOTE | |
r-release-linux-x86_64 | 0.1.2 | 2.44 | 41.42 | 43.86 | NOTE | |
r-release-macos-arm64 | 0.1.2 | 27.00 | NOTE | |||
r-release-macos-x86_64 | 0.1.2 | 43.00 | NOTE | |||
r-release-windows-x86_64 | 0.1.2 | 4.00 | 54.00 | 58.00 | NOTE | |
r-oldrel-macos-arm64 | 0.1.2 | 31.00 | OK | |||
r-oldrel-macos-x86_64 | 0.1.2 | 49.00 | OK | |||
r-oldrel-windows-x86_64 | 0.1.2 | 5.00 | 57.00 | 62.00 | OK |
Version: 0.1.2
Check: Rd files
Result: NOTE
checkRd: (-1) color_palette.Rd:16: Lost braces in \itemize; meant \describe ?
checkRd: (-1) color_palette.Rd:17: Lost braces in \itemize; meant \describe ?
checkRd: (-1) color_palette.Rd:18: Lost braces in \itemize; meant \describe ?
checkRd: (-1) color_palette.Rd:19: Lost braces in \itemize; meant \describe ?
checkRd: (-1) color_palette.Rd:26: Lost braces in \itemize; meant \describe ?
checkRd: (-1) color_palette.Rd:27: Lost braces in \itemize; meant \describe ?
checkRd: (-1) color_palette.Rd:28: Lost braces in \itemize; meant \describe ?
checkRd: (-1) color_palette.Rd:29: Lost braces in \itemize; meant \describe ?
Flavors: r-devel-linux-x86_64-debian-clang, r-devel-linux-x86_64-debian-gcc, r-devel-linux-x86_64-fedora-clang, r-devel-linux-x86_64-fedora-gcc, r-devel-windows-x86_64, r-patched-linux-x86_64, r-release-linux-x86_64, r-release-macos-arm64, r-release-macos-x86_64, r-release-windows-x86_64