Last updated on 2024-06-05 00:48:53 CEST.
Flavor | Version | Tinstall | Tcheck | Ttotal | Status | Flags |
---|---|---|---|---|---|---|
r-devel-linux-x86_64-debian-clang | 2.1 | 38.03 | 84.28 | 122.31 | NOTE | |
r-devel-linux-x86_64-debian-gcc | 2.1 | 31.78 | 63.41 | 95.19 | NOTE | |
r-devel-linux-x86_64-fedora-clang | 2.1 | 150.63 | NOTE | |||
r-devel-linux-x86_64-fedora-gcc | 2.1 | 157.56 | NOTE | |||
r-devel-windows-x86_64 | 2.1 | 29.00 | 98.00 | 127.00 | NOTE | |
r-patched-linux-x86_64 | 2.1 | 33.93 | 78.92 | 112.85 | NOTE | |
r-release-linux-x86_64 | 2.1 | 30.52 | 79.99 | 110.51 | NOTE | |
r-release-macos-arm64 | 2.1 | 45.00 | NOTE | |||
r-release-windows-x86_64 | 2.1 | 28.00 | 101.00 | 129.00 | NOTE | |
r-oldrel-macos-arm64 | 2.1 | 50.00 | NOTE | |||
r-oldrel-macos-x86_64 | 2.1 | 104.00 | NOTE | |||
r-oldrel-windows-x86_64 | 2.1 | 36.00 | 120.00 | 156.00 | NOTE |
Version: 2.1
Check: C++ specification
Result: NOTE
Specified C++14: please drop specification unless essential
Flavors: r-devel-linux-x86_64-debian-clang, r-devel-linux-x86_64-debian-gcc, r-devel-linux-x86_64-fedora-clang, r-devel-linux-x86_64-fedora-gcc, r-devel-windows-x86_64, r-patched-linux-x86_64, r-release-linux-x86_64, r-release-macos-arm64, r-release-windows-x86_64, r-oldrel-macos-arm64, r-oldrel-macos-x86_64, r-oldrel-windows-x86_64