Last updated on 2024-05-18 22:27:44 CEST.
Flavor | Version | Tinstall | Tcheck | Ttotal | Status | Flags |
---|---|---|---|---|---|---|
r-devel-linux-x86_64-debian-clang | 1.0 | 4.86 | 27.60 | 32.46 | NOTE | |
r-devel-linux-x86_64-debian-gcc | 1.0 | 4.14 | 21.20 | 25.34 | NOTE | |
r-devel-linux-x86_64-fedora-clang | 1.0 | 45.98 | NOTE | |||
r-devel-linux-x86_64-fedora-gcc | 1.0 | 58.35 | NOTE | |||
r-devel-windows-x86_64 | 1.0 | 8.00 | 61.00 | 69.00 | NOTE | |
r-patched-linux-x86_64 | 1.0 | 4.64 | 26.11 | 30.75 | NOTE | |
r-release-linux-x86_64 | 1.0 | 5.01 | 26.03 | 31.04 | NOTE | |
r-release-macos-arm64 | 1.0 | 23.00 | NOTE | |||
r-release-windows-x86_64 | 1.0 | 8.00 | 62.00 | 70.00 | NOTE | |
r-oldrel-macos-arm64 | 1.0 | 24.00 | NOTE | |||
r-oldrel-macos-x86_64 | 1.0 | 34.00 | NOTE | |||
r-oldrel-windows-x86_64 | 1.0 | 8.00 | 68.00 | 76.00 | NOTE |
Version: 1.0
Check: C++ specification
Result: NOTE
Specified C++11: please drop specification unless essential
Flavors: r-devel-linux-x86_64-debian-clang, r-devel-linux-x86_64-debian-gcc, r-devel-linux-x86_64-fedora-clang, r-devel-linux-x86_64-fedora-gcc, r-devel-windows-x86_64, r-patched-linux-x86_64, r-release-linux-x86_64, r-release-macos-arm64, r-release-windows-x86_64, r-oldrel-macos-arm64, r-oldrel-macos-x86_64, r-oldrel-windows-x86_64
Version: 1.0
Check: LazyData
Result: NOTE
'LazyData' is specified without a 'data' directory
Flavors: r-devel-linux-x86_64-debian-clang, r-devel-linux-x86_64-debian-gcc, r-devel-linux-x86_64-fedora-clang, r-devel-linux-x86_64-fedora-gcc, r-devel-windows-x86_64, r-patched-linux-x86_64, r-release-linux-x86_64, r-release-macos-arm64, r-release-windows-x86_64, r-oldrel-macos-arm64, r-oldrel-macos-x86_64, r-oldrel-windows-x86_64