Last updated on 2024-05-18 22:27:47 CEST.
Flavor | Version | Tinstall | Tcheck | Ttotal | Status | Flags |
---|---|---|---|---|---|---|
r-devel-linux-x86_64-debian-clang | 0.1.3 | 10.33 | 122.45 | 132.78 | OK | |
r-devel-linux-x86_64-debian-gcc | 0.1.3 | 7.74 | 88.47 | 96.21 | OK | |
r-devel-linux-x86_64-fedora-clang | 0.1.3 | 161.01 | OK | |||
r-devel-linux-x86_64-fedora-gcc | 0.1.3 | 220.28 | OK | |||
r-devel-windows-x86_64 | 0.1.3 | 10.00 | 106.00 | 116.00 | OK | |
r-patched-linux-x86_64 | 0.1.3 | 10.14 | 116.97 | 127.11 | OK | |
r-release-linux-x86_64 | 0.1.3 | 10.08 | 114.58 | 124.66 | OK | |
r-release-macos-arm64 | 0.1.3 | 50.00 | OK | |||
r-release-windows-x86_64 | 0.1.3 | 10.00 | 105.00 | 115.00 | OK | |
r-oldrel-macos-arm64 | 0.1.3 | 53.00 | OK | |||
r-oldrel-macos-x86_64 | 0.1.3 | 82.00 | NOTE | |||
r-oldrel-windows-x86_64 | 0.1.3 | 12.00 | 130.00 | 142.00 | OK |
Version: 0.1.3
Check: package dependencies
Result: NOTE
Package suggested but not available for checking: ‘lme4’
Flavor: r-oldrel-macos-x86_64