Last updated on 2024-06-09 22:48:39 CEST.
Flavor | Version | Tinstall | Tcheck | Ttotal | Status | Flags |
---|---|---|---|---|---|---|
r-devel-linux-x86_64-debian-clang | 0.2.1 | 3.28 | 58.18 | 61.46 | NOTE | |
r-devel-linux-x86_64-debian-gcc | 0.2.1 | NOTE | ||||
r-devel-linux-x86_64-fedora-clang | 0.2.1 | 79.67 | NOTE | |||
r-devel-linux-x86_64-fedora-gcc | 0.2.1 | 86.93 | NOTE | |||
r-devel-windows-x86_64 | 0.2.1 | 4.00 | 62.00 | 66.00 | NOTE | |
r-patched-linux-x86_64 | 0.2.1 | 3.01 | 57.13 | 60.14 | NOTE | |
r-release-linux-x86_64 | 0.2.1 | 2.82 | 56.64 | 59.46 | NOTE | |
r-release-macos-arm64 | 0.2.1 | 30.00 | NOTE | |||
r-release-macos-x86_64 | 0.2.1 | 48.00 | NOTE | |||
r-release-windows-x86_64 | 0.2.1 | 4.00 | 66.00 | 70.00 | NOTE | |
r-oldrel-macos-arm64 | 0.2.1 | 46.00 | NOTE | |||
r-oldrel-macos-x86_64 | 0.2.1 | 65.00 | NOTE | |||
r-oldrel-windows-x86_64 | 0.2.1 | 4.00 | 68.00 | 72.00 | NOTE |
Version: 0.2.1
Check: package dependencies
Result: NOTE
Package suggested but not available for checking: ‘gurobi’
Flavors: r-devel-linux-x86_64-debian-clang, r-devel-linux-x86_64-debian-gcc, r-devel-linux-x86_64-fedora-clang, r-devel-linux-x86_64-fedora-gcc, r-devel-windows-x86_64, r-patched-linux-x86_64, r-release-linux-x86_64, r-release-macos-arm64, r-release-macos-x86_64, r-release-windows-x86_64, r-oldrel-macos-arm64, r-oldrel-macos-x86_64, r-oldrel-windows-x86_64