Last updated on 2024-06-05 00:48:59 CEST.
Flavor | Version | Tinstall | Tcheck | Ttotal | Status | Flags |
---|---|---|---|---|---|---|
r-devel-linux-x86_64-debian-clang | 1.1.2 | 498.41 | 53.02 | 551.43 | OK | |
r-devel-linux-x86_64-debian-gcc | 1.1.2 | 328.61 | 38.72 | 367.33 | OK | |
r-devel-linux-x86_64-fedora-clang | 1.1.2 | 846.59 | NOTE | |||
r-devel-linux-x86_64-fedora-gcc | 1.1.2 | 653.54 | NOTE | |||
r-devel-windows-x86_64 | 1.1.2 | 283.00 | 89.00 | 372.00 | OK | |
r-patched-linux-x86_64 | 1.1.1 | 404.81 | 49.84 | 454.65 | OK | |
r-release-linux-x86_64 | 1.1.2 | 413.24 | 49.05 | 462.29 | OK | |
r-release-macos-arm64 | 1.1.1 | 107.00 | ERROR | |||
r-release-macos-x86_64 | 1.1.1 | 43.00 | ERROR | |||
r-release-windows-x86_64 | 1.1.2 | 331.00 | 143.00 | 474.00 | OK | |
r-oldrel-macos-arm64 | 1.1.1 | 70.00 | ERROR | |||
r-oldrel-macos-x86_64 | 1.1.1 | 44.00 | ERROR | |||
r-oldrel-windows-x86_64 | 1.1.2 | 324.00 | 100.00 | 424.00 | OK |
Version: 1.1.2
Check: dependencies in R code
Result: NOTE
Namespaces in Imports field not imported from:
‘Rcpp’ ‘base’ ‘utils’
All declared Imports should be used.
Flavors: r-devel-linux-x86_64-fedora-clang, r-devel-linux-x86_64-fedora-gcc
Version: 1.1.1
Check: whether package can be installed
Result: ERROR
Installation failed.
Flavors: r-release-macos-arm64, r-release-macos-x86_64, r-oldrel-macos-arm64, r-oldrel-macos-x86_64