Last updated on 2024-05-22 22:56:25 CEST.
Flavor | Version | Tinstall | Tcheck | Ttotal | Status | Flags |
---|---|---|---|---|---|---|
r-devel-linux-x86_64-debian-clang | 1.7.30 | 93.70 | 39.42 | 133.12 | NOTE | |
r-devel-linux-x86_64-debian-gcc | 1.7.30 | 60.57 | 30.35 | 90.92 | NOTE | |
r-devel-linux-x86_64-fedora-clang | 1.7.30 | 202.22 | NOTE | |||
r-devel-linux-x86_64-fedora-gcc | 1.7.30 | 211.06 | NOTE | |||
r-devel-windows-x86_64 | 1.7.30 | 69.00 | 80.00 | 149.00 | NOTE | |
r-patched-linux-x86_64 | 1.7.30 | 93.71 | 37.84 | 131.55 | NOTE | |
r-release-linux-x86_64 | 1.7.30 | 95.44 | 38.38 | 133.82 | NOTE | |
r-release-macos-arm64 | 1.7.30 | 46.00 | NOTE | |||
r-release-windows-x86_64 | 1.7.30 | 68.00 | 80.00 | 148.00 | NOTE | |
r-oldrel-macos-arm64 | 1.7.30 | 55.00 | NOTE | |||
r-oldrel-macos-x86_64 | 1.7.30 | 93.00 | NOTE | |||
r-oldrel-windows-x86_64 | 1.7.30 | 71.00 | 85.00 | 156.00 | NOTE |
Version: 1.7.30
Check: C++ specification
Result: NOTE
Specified C++11: please drop specification unless essential
Flavors: r-devel-linux-x86_64-debian-clang, r-devel-linux-x86_64-debian-gcc, r-devel-linux-x86_64-fedora-clang, r-devel-linux-x86_64-fedora-gcc, r-devel-windows-x86_64, r-patched-linux-x86_64, r-release-linux-x86_64, r-release-macos-arm64, r-release-windows-x86_64, r-oldrel-macos-arm64, r-oldrel-macos-x86_64, r-oldrel-windows-x86_64